{"id":116,"date":"2023-07-03T11:11:46","date_gmt":"2023-07-03T09:11:46","guid":{"rendered":"http:\/\/192.168.1.42\/?page_id=116"},"modified":"2025-10-14T14:55:51","modified_gmt":"2025-10-14T12:55:51","slug":"ruten-2","status":"publish","type":"page","link":"https:\/\/snobberup.dk\/?page_id=116","title":{"rendered":"Ruten"},"content":{"rendered":"<p><strong>Marathon l\u00f8berne<\/strong>\u00a0l\u00f8ber seks dejlige omgange, igennem skov og rundt om H\u00f8rsholm Kirke.<br \/>\n<strong>Halv-marathon<\/strong>\u00a0l\u00f8berne skal l\u00f8be tre omgange.<br \/>\nHver omgang er p\u00e5 7,1 km heraf 1,5 p\u00e5 asfalt og resten i den smukke Folehave skov \u2013 trailsko er ikke n\u00f8dvendige.<br \/>\nRuten er ikke flad, men det g\u00f8r ikke noget \ud83d\ude0a<\/p>\n<p><iframe loading=\"lazy\" style=\"border: 0; outline: none;\" src=\"https:\/\/www.gpsvisualizer.com\/display\/map\/20251005134541-00140-map.html?center=55.872047,12.514949&amp;zoom=14\" width=\"150%\" height=\"600\" frameborder=\"0\"><span data-mce-type=\"bookmark\" style=\"display: inline-block; width: 0px; overflow: hidden; line-height: 0;\" class=\"mce_SELRES_start\">\ufeff<\/span><span data-mce-type=\"bookmark\" style=\"display: inline-block; width: 0px; overflow: hidden; line-height: 0;\" class=\"mce_SELRES_start\">\ufeff<\/span><br \/>\n<\/iframe><\/p>\n","protected":false},"excerpt":{"rendered":"<p>Marathon l\u00f8berne\u00a0l\u00f8ber seks dejlige omgange, igennem skov og rundt om H\u00f8rsholm Kirke. Halv-marathon\u00a0l\u00f8berne skal l\u00f8be tre omgange. Hver omgang er p\u00e5 7,1 km heraf 1,5 p\u00e5 asfalt og resten i den smukke Folehave skov \u2013 trailsko er ikke n\u00f8dvendige. Ruten er ikke flad, men det g\u00f8r ikke noget \ud83d\ude0a \ufeff\ufeff<\/p>\n","protected":false},"author":1,"featured_media":0,"parent":0,"menu_order":0,"comment_status":"closed","ping_status":"closed","template":"full-width.php","meta":{"footnotes":""},"class_list":["post-116","page","type-page","status-publish","hentry"],"_links":{"self":[{"href":"https:\/\/snobberup.dk\/index.php?rest_route=\/wp\/v2\/pages\/116","targetHints":{"allow":["GET"]}}],"collection":[{"href":"https:\/\/snobberup.dk\/index.php?rest_route=\/wp\/v2\/pages"}],"about":[{"href":"https:\/\/snobberup.dk\/index.php?rest_route=\/wp\/v2\/types\/page"}],"author":[{"embeddable":true,"href":"https:\/\/snobberup.dk\/index.php?rest_route=\/wp\/v2\/users\/1"}],"replies":[{"embeddable":true,"href":"https:\/\/snobberup.dk\/index.php?rest_route=%2Fwp%2Fv2%2Fcomments&post=116"}],"version-history":[{"count":8,"href":"https:\/\/snobberup.dk\/index.php?rest_route=\/wp\/v2\/pages\/116\/revisions"}],"predecessor-version":[{"id":306,"href":"https:\/\/snobberup.dk\/index.php?rest_route=\/wp\/v2\/pages\/116\/revisions\/306"}],"wp:attachment":[{"href":"https:\/\/snobberup.dk\/index.php?rest_route=%2Fwp%2Fv2%2Fmedia&parent=116"}],"curies":[{"name":"wp","href":"https:\/\/api.w.org\/{rel}","templated":true}]}}